6*w + 3*w - w - 1 - 2. Let d be (3 + -2 - -2)/(-1). Calculate the remainder when 26 is divided by i(d).
8
Let a = -1 + 2. Suppose 2*k = 85 - 13. Suppose -k + a = -n. Calculate the remainder when n is divided by 12.
11
Suppose 5*o + 2*n = 6*n + 65, -5*n - 52 = -4*o. Let s = 168 + -118. What is the remainder when s is divided by o?
11
Suppose 120 = 7*u + u. Calculate the remainder when 44 is divided by u.
14
Suppose -2*t + 156 = 4*d - t, 3*d - t = 124. Let a(x) = 2*x**2 + 5*x + 2. Calculate the remainder when d is divided by a(-4).
12
Let g = 84 + -81. What is the remainder when 16 is divided by g?
1
Suppose -5*f = -0*f - 170. Calculate the remainder when f is divided by ((-2)/6)/((-17)/918).
16
Calculate the remainder when (-102)/(-4) - 4/(-8) is divided by 14.
12
Let v(l) = -l**3 + 15*l**2 + 21*l - 21. Calculate the remainder when v(16) is divided by 17.
8
Let x be -2 + 4*(-3)/6. Let c = -3 - x. Calculate the remainder when 5 is divided by c.
0
Suppose -3*p = k - 0*p - 15, -2*k + 4*p = -20. Suppose o = 2*o + 2. What is the remainder when 22 is divided by ((-8)/k)/(o/24)?
6
Suppose 3*i - 34 = 2. Let m be (i/9 + -2)*-9. Suppose 22 = 4*q - m. Calculate the remainder when q is divided by 3.
1
Suppose -15 = -5*j + 5. Suppose -2*n + 384 = j*m, -222 - 513 = -4*n + 3*m. Calculate the remainder when n/8 - (-2)/(-8) is divided by 8.
7
Suppose 0 = -y - 0*y. Let m = y + 5. Suppose 121 = m*u - 79. Calculate the remainder when u is divided by 21.
19
Let p be 1*2 + 24/(-8). Let b = -25 + 69. Calculate the remainder when b is divided by 21/14*(-10)/p.
14
What is the remainder when 6/((-5)/((-680)/12)) is divided by 25?
18
Let u(i) = 5*i**2 - 6*i - 1. Let x be 10/3*9/6. What is the remainder when u(x) is divided by 19?
18
Suppose -3*u + 0*u + 138 = 0. Let i = u - 31. What is the remainder when 42 is divided by i?
12
Let l = -7 - -28. What is the remainder when 61 is divided by l?
19
Suppose 20 = 5*v - 10. Calculate the remainder when 2*(-1 - 39/(-6)) is divided by v.
5
Let n = 8 + 4. Calculate the remainder when 20 is divided by n.
8
Suppose -3*b - 99 = -0*b. Let j = -21 - b. Let i = -60 + 94. Calculate the remainder when i is divided by j.
10
Let u(d) = -d**3 - 12*d**2 + 14*d + 29. What is the remainder when 142 is divided by u(-13)?
14
Suppose 0 = 5*a - 142 - 8. What is the remainder when 89 is divided by a?
29
Let k(r) = r. Suppose 2*m + 2*m - 24 = 0. What is the remainder when k(16) is divided by m?
4
Suppose 17 + 32 = 7*g. Suppose -3*t = 2*a - g, t + 3*a - 4 = 4*a. What is the remainder when 3 is divided by t?
0
Let o(y) = -y**2 + 9*y - 9. Suppose 4*l = 2*s + 62, 2*s = -5*l + 64 + 27. Let g = -11 + l. Calculate the remainder when 16 is divided by o(g).
7
Calculate the remainder when 90 is divided by -13*4/((-6)/3).
12
Let a = -38 + 45. What is the remainder when 18 is divided by a?
4
Let h = 6 + -2. Calculate the remainder when 13 is divided by h.
1
Let q be 1/(-1) - -22*1. Let p = 13 - q. What is the remainder when 41 is divided by 14/(-3)*36/p?
20
Let f = 2 + 4. Suppose 14*x = 16*x - 100. Calculate the remainder when 2*-3*x/(-20) is divided by f.
3
Suppose 2*v + 4*v = 546. What is the remainder when v is divided by 23?
22
Suppose g + 5*n + 4 = 0, -5*g - 2*n = -3*n - 32. Suppose 10 = -3*m + 4*m. What is the remainder when 57/g*(-2 - -4) is divided by m?
9
Suppose -5*d + 17 = -v, 0 = v + d + d - 11. Let y = 0 + v. Calculate the remainder when (y - 9)/((-2)/12) is divided by 13.
10
Let p(w) = -8*w + 4. Calculate the remainder when 78 is divided by p(-2).
18
Suppose 3*v = 3*k - 42, -5*k + 3 = -4*v - 66. Calculate the remainder when 49 is divided by k.
10
Let q = -1 - -30. Calculate the remainder when q is divided by 18.
11
Let v = 93 - 52. Calculate the remainder when 159 is divided by v.
36
Let c = -10 - -28. Calculate the remainder when c is divided by 5.
3
What is the remainder when 48 is divided by -2 + (46 - -2)/4?
8
Suppose 3*s = -3*k + 9, 2*s - 28 = -2*s + 4*k. Let m = 14 + -8. Suppose m*t = 4*q + t - 56, -3*q + 47 = -s*t. What is the remainder when 25 is divided by q?
7
Let h = 0 + 2. Let n be (-1)/1 + (-2)/(-1). Let i(u) = u**3 + 1. Calculate the remainder when i(n) is divided by h.
0
Let m(x) = -4*x + 4. What is the remainder when 46 is divided by m(-2)?
10
Suppose -x + 116 = 2*i, 2*i + 39 = 5*x + 179. Suppose -4*r - 3*v = -52, r - 7*v + 11*v = 0. What is the remainder when i is divided by r?
12
Suppose 40 = 5*c + 10. Let d = c + 2. Suppose -x + u + u + 13 = 0, x = -5*u - 22. Calculate the remainder when d is divided by x.
2
Suppose -j = -1, -4*m + 0*j + 31 = -5*j. What is the remainder when 15 is divided by m?
6
Suppose 0 = -5*k + k + 68. Let w(c) = c**3 - 13*c**2 + 19*c - 18. Calculate the remainder when w(12) is divided by k.
15
Let v(h) = h**2 - 10*h + 6. Let b be v(5). Suppose -2*p - 51 = -5*p. What is the remainder when p is divided by (b - -4)*(-4)/10?
5
Let w(o) = o**3 + 4*o**2 - 2*o + 2. Suppose -2*j = j. Suppose 5*l + j*s = 2*s - 24, 0 = 2*l + 4*s. What is the remainder when w(l) is divided by 6?
4
What is the remainder when 25 is divided by (-35)/7 + 1 + 11?
4
Suppose 106 = 77*x - 75*x. Calculate the remainder when x is divided by 12.
5
Let f = 108 - 37. Calculate the remainder when f is divided by 24.
23
Suppose -s - 12 = 2*s. Let p(u) = u**3 + 6*u**2 + 7*u + 5. What is the remainder when 3/(18/(-26))*-6 is divided by p(s)?
8
Suppose 9 = 2*g + g. Suppose -g*x = 2*x - 20. Suppose 0 = -7*r + x*r + 21. Calculate the remainder when 20 is divided by r.
6
Suppose -4*d - 2 = -2*d, d = -5*t + 59. Let j(u) = -3*u. Let y(c) = 56*c. Let g(i) = -77*j(i) - 4*y(i). What is the remainder when g(5) is divided by t?
11
Let o = 24 - 18. What is the remainder when o is divided by 4?
2
Let d(x) = x**2 - 2. Suppose -k - 5 = -2*w, 4*k - 11 = 3*k - 2*w. What is the remainder when 17 is divided by d(k)?
3
Calculate the remainder when 31 is divided by 51/(-2)*28/(-42).
14
Let x = -22 - -32. What is the remainder when 38 is divided by x?
8
Let i(b) = 2*b - 2*b - b**2 + 16. What is the remainder when 32 - 2 - (2 - 3) is divided by i(0)?
15
Let w = -2 + 15. Calculate the remainder when 23 is divided by w.
10
Suppose 0 = -h - 66 + 77. What is the remainder when h is divided by 6?
5
Let n(g) = -g**3 + 4*g**2 + 5*g + 7. Calculate the remainder when 13 is divided by n(5).
6
Suppose h - 8 = -j - 4*h, -3*h = -5*j - 16. Let w be 8 - 2*j/(-4). Let n = 17 - w. What is the remainder when 19 is divided by n?
9
Calculate the remainder when (-4)/24*-15*14 is divided by 12.
11
Suppose -5*x - r + 0*r = -15, 3*r + 27 = 3*x. Calculate the remainder when 2 is divided by (4*3/x)/3.
0
Let d(p) = -p - 6. Let x(q) = -q**2 + q - 6. Let a be x(0). Let j be d(a). Let v = j + 9. What is the remainder when 26 is divided by v?
8
Let m(o) be the second derivative of o**5/20 + o**4/12 - o**3/6 + 2*o**2 - 2*o. Suppose -2*z = 3*z. What is the remainder when 7 is divided by m(z)?
3
Suppose b + 54 + 35 = 4*x, 2*x = b + 43. Let h = 104 - 47. Let k = h - x. What is the remainder when k is divided by 12?
10
Suppose 2*j + 26 = 78. Calculate the remainder when j is divided by 20.
6
Suppose 0 = 5*s - 2*s + 2*q - 15, s - 18 = -5*q. What is the remainder when (-19)/(-4) + 2/8 is divided by s?
2
Suppose 2*r - 34 = 5*d, -r + 5*d - 101 = -4*r. Calculate the remainder when 78 is divided by r.
24
Let h(l) = -9*l + 9. Calculate the remainder when h(-10) is divided by 17.
14
Let m(g) = -g**3 + 17*g**2 + 3*g - 21. What is the remainder when 117 is divided by m(17)?
27
Suppose -4*d + 77 = -5*m, -28 - 63 = -5*d + m. Calculate the remainder when 33 is divided by d.
15
Suppose 0*c = -3*c + 42. Let y = c + -12. What is the remainder when 5 is divided by y?
1
Suppose -p - 2*c = p + 14, -p = -3*c - 5. Let b(x) = -x**3 - 4*x**2 + x + 5. Let r be b(p). Let f = 2 - r. Calculate the remainder when 2 is divided by f.
0
Suppose 18 = 5*r - 12. Suppose -2*m + 14 = 5*s, 3*m - s - 2 = s. Suppose 3*c - 47 = -5*x, 5*c + m*x - 7 - 46 = 0. What is the remainder when c is divided by r?
3
Let a(d) = 9*d. Let i be a(2). Let f = 36 - i. Suppose 33 - 13 = 2*k. Calculate the remainder when f is divided by k.
8
Let g = -92 + 144. Suppose s + 3*s - g = 0. Suppose 0*o = -4*o + 148. What is the remainder when o is divided by s?
11
Let k 